 the remainder when 106564 is divided by 106485.
79
Calculate the remainder when 4475419 is divided by 179.
61
What is the remainder when 2308794 is divided by 1101?
1098
Calculate the remainder when 4126238 is divided by 3714.
3698
Calculate the remainder when 3289597 is divided by 40612.
25
Calculate the remainder when 451155 is divided by 131.
122
What is the remainder when 10870 is divided by 239?
115
Calculate the remainder when 6139272 is divided by 143.
139
What is the remainder when 1735266 is divided by 28921?
6
What is the remainder when 4380019 is divided by 1128?
1123
What is the remainder when 1276638 is divided by 33595?
28
Calculate the remainder when 49654807 is divided by 346.
1
What is the remainder when 18808618 is divided by 18808618?
0
Calculate the remainder when 894383 is divided by 1903.
1876
Calculate the remainder when 1760257833 is divided by 421.
419
What is the remainder when 15327723 is divided by 5?
3
Calculate the remainder when 863348 is divided by 123256.
556
What is the remainder when 836465 is divided by 26137?
81
Calculate the remainder when 73743 is divided by 3880.
23
What is the remainder when 2883439 is divided by 132?
31
What is the remainder when 3059482 is divided by 4297?
18
What is the remainder when 934028 is divided by 58376?
12
What is the remainder when 28115453 is divided by 9599?
9581
What is the remainder when 10357754 is divided by 852?
842
Calculate the remainder when 112528130 is divided by 970070.
10
Calculate the remainder when 11338 is divided by 329.
152
What is the remainder when 1179136 is divided by 9744?
112
What is the remainder when 287840072 is divided by 25?
22
Calculate the remainder when 682800 is divided by 1176.
720
Calculate the remainder when 47764199 is divided by 20.
19
Calculate the remainder when 454581 is divided by 13051.
10847
What is the remainder when 306028847 is divided by 43?
40
Calculate the remainder when 225592 is divided by 6108.
5704
What is the remainder when 197320 is divided by 224?
200
What is the remainder when 176630576 is divided by 30?
26
What is the remainder when 310515 is divided by 22172?
107
What is the remainder when 2745753 is divided by 6780?
6633
What is the remainder when 1178447 is divided by 1446?
1403
Calculate the remainder when 31342 is divided by 1374.
1114
Calculate the remainder when 299165 is divided by 33226.
131
Calculate the remainder when 1276336 is divided by 592.
576
Calculate the remainder when 22909861 is divided by 7636609.
34
Calculate the remainder when 175530 is divided by 43616.
1066
What is the remainder when 2285209 is divided by 563?
555
What is the remainder when 113059039 is divided by 863?
861
Calculate the remainder when 228094 is divided by 265.
194
What is the remainder when 1481695 is divided by 56?
47
What is the remainder when 561596 is divided by 43188?
152
What is the remainder when 112475041 is divided by 3431?
3430
Calculate the remainder when 36258 is divided by 1477.
810
What is the remainder when 6078116 is divided by 577?
575
What is the remainder when 4223753 is divided by 1983?
1946
What is the remainder when 31609259 is divided by 556?
103
What is the remainder when 4199779 is divided by 585?
64
Calculate the remainder when 302759 is divided by 819.
548
Calculate the remainder when 600379146 is divided by 45.
36
What is the remainder when 57621596 is divided by 318?
314
What is the remainder when 139473 is divided by 2148?
2001
What is the remainder when 724933 is divided by 1523?
1508
Calculate the remainder when 16169373 is divided by 49.
10
Calculate the remainder when 31106 is divided by 10117.
755
What is the remainder when 1235971 is divided by 137313?
154
What is the remainder when 5080 is divided by 557?
67
What is the remainder when 344989 is divided by 5388?
157
Calculate the remainder when 213862 is divided by 17786.
430
What is the remainder when 3662176 is divided by 74738?
14
Calculate the remainder when 52840195 is divided by 57.
55
What is the remainder when 14479891 is divided by 4826626?
13
What is the remainder when 22631489 is divided by 16864?
1
What is the remainder when 2829816 is divided by 7710?
246
What is the remainder when 436883 is divided by 21?
20
What is the remainder when 5799384 is divided by 310?
214
Calculate the remainder when 404489 is divided by 80866.
159
What is the remainder when 4050597 is divided by 64?
37
What is the remainder when 31649648 is divided by 12187?
9
Calculate the remainder when 871276 is divided by 79.
64
Calculate the remainder when 953093 is divided by 1525.
1493
Calculate the remainder when 911293 is divided by 1801.
1788
What is the remainder when 9764090 is divided by 1564?
38
Calculate the remainder when 589961 is divided by 75.
11
Calculate the remainder when 1949934 is divided by 668.
42
Calculate the remainder when 12661022 is divided by 2790.
2
What is the remainder when 1265289 is divided by 102?
81
What is the remainder when 105308375 is divided by 378807?
29
What is the remainder when 56705 is divided by 3124?
473
What is the remainder when 339925793 is divided by 169962890?
13
What is the remainder when 785321029 is divided by 23?
13
Calculate the remainder when 1192235 is divided by 238443.
20
What is the remainder when 675772 is divided by 3713?
6
What is the remainder when 13591348 is divided by 4530436?
40
Calculate the remainder when 2134467 is divided by 1457.
1419
Calculate the remainder when 3264629 is divided by 88.
5
Calculate the remainder when 354051007 is divided by 1240.
7
Calculate the remainder when 3337031 is divided by 12451.
163
Calculate the remainder when 3033470 is divided by 204.
194
What is the remainder when 1661174 is divided by 276860?
14
Calculate the remainder when 32443627 is divided by 164.
163
Calculate the remainder when 38250429 is divided by 310979.
12
Calculate the remainder when 815967151 is divided by 407983574.
3
What is the remainder when 27448 is divided by 1614?
10
What is the remainder when 399077 is divided by 196437?
6203
What is the remainder when 1578525 is divided by 7?
4
What is the remainder when 1681226 is divided by 336196?
246
What is the remainder when 4745091 is divided by 2149?
99
Calculate the remainder when 12043563 is divided by 41.
18
Calculate the remainder when 3407998 is divided by 1703988.
22
What is the remainder when 1141052 is divided by 316?
292
Calculate the remainder when 3548746 is divided by 3486.
3484
Calculate the remainder when 683909 is divided by 119.
16
Calculate the remainder when 120914 is divided by 120767.
147
What is the remainder when 3087247 is divided by 40?
7
What is the remainder when 694222 is divided by 138698?
732
Calculate the remainder when 67830 is divided by 1740.
1710
What is the remainder when 3845477 is divided by 10?
7
Calculate the remainder when 1133132 is divided by 322.
14
Calculate the remainder when 542719 is divided by 36162.
289
What is the remainder when 6264806 is divided by 1910?
6
What is the remainder when 650868 is divided by 13553?
324
Calculate the remainder when 6926491 is divided by 58699.
9
Calculate the remainder when 647877 is divided by 4499.
21
Calculate the remainder when 459248 is divided by 10202.
158
What is the remainder when 556819 is divided by 8980?
59
Calculate the remainder when 25358 is divided by 884.
606
Calculate the remainder when 25830761 is divided by 2302.
19
Calculate the remainder when 10041596 is divided by 14.
12
Calculate the remainder when 34596 is divided by 7956.
2772
Calculate the remainder when 2231393 is divided by 916.
17
Calculate the remainder when 65134 is divided by 16044.
958
Calculate the remainder when 7294249 is divided by 5259.
16
What is the remainder when 2498341 is divided by 38?
31
What is the remainder when 26674670 is divided by 214?
212
What is the remainder when 3827661 is divided by 3827157?
504
Calculate the remainder when 190277837 is divided by 398.
7
Calculate the remainder when 611891 is divided by 4567.
4480
Calculate the remainder when 169975 is divided by 2094.
361
Calculate the remainder when 13668897 is divided by 575.
572
What is the remainder when 4011 is divided by 2269?
1742
What is the remainder when 20243721 is divided by 4180?
4161
